{"id":15,"date":"2015-03-30T14:33:17","date_gmt":"2015-03-30T13:33:17","guid":{"rendered":"http:\/\/corinne-deschamps.com\/blog\/?page_id=15"},"modified":"2025-07-04T11:41:58","modified_gmt":"2025-07-04T10:41:58","slug":"ou-me-trouver","status":"publish","type":"page","link":"http:\/\/corinne-deschamps.com\/blog\/ou-me-trouver\/","title":{"rendered":"O\u00f9 me trouver ?"},"content":{"rendered":"<p>Mon cabinet \u00e0 l&#8217;ann\u00e9e :<\/p>\n<p style=\"text-align: center;\">\u00a01 Rue Paul Conte de Volx &#8211; \u00e0 <strong>Salon de Provence 13300<\/strong><\/p>\n<p style=\"text-align: center;\">Stationnement facile au Parking Coucou<\/p>\n<p style=\"text-align: center;\"><strong>Contactez-moi au\u00a007 50 86 80 70 <\/strong><\/p>\n<p style=\"text-align: center;\">Pour prendre un rendez-vous ou obtenir des renseignements.<\/p>\n<p style=\"text-align: center;\">Une s\u00e9ance de Neuro-Training dure environ 1h et co\u00fbte 70\u20ac<\/p>\n","protected":false},"excerpt":{"rendered":"<p>Mon cabinet \u00e0 l&#8217;ann\u00e9e : \u00a01 Rue Paul Conte de Volx &#8211; \u00e0 Salon de Provence 13300 Stationnement facile au Parking Coucou Contactez-moi au\u00a007&#8230;<\/p>\n","protected":false},"author":1,"featured_media":0,"parent":0,"menu_order":0,"comment_status":"open","ping_status":"open","template":"","meta":{"footnotes":""},"class_list":["post-15","page","type-page","status-publish","hentry"],"aioseo_notices":[],"_links":{"self":[{"href":"http:\/\/corinne-deschamps.com\/blog\/wp-json\/wp\/v2\/pages\/15"}],"collection":[{"href":"http:\/\/corinne-deschamps.com\/blog\/wp-json\/wp\/v2\/pages"}],"about":[{"href":"http:\/\/corinne-deschamps.com\/blog\/wp-json\/wp\/v2\/types\/page"}],"author":[{"embeddable":true,"href":"http:\/\/corinne-deschamps.com\/blog\/wp-json\/wp\/v2\/users\/1"}],"replies":[{"embeddable":true,"href":"http:\/\/corinne-deschamps.com\/blog\/wp-json\/wp\/v2\/comments?post=15"}],"version-history":[{"count":12,"href":"http:\/\/corinne-deschamps.com\/blog\/wp-json\/wp\/v2\/pages\/15\/revisions"}],"predecessor-version":[{"id":1620,"href":"http:\/\/corinne-deschamps.com\/blog\/wp-json\/wp\/v2\/pages\/15\/revisions\/1620"}],"wp:attachment":[{"href":"http:\/\/corinne-deschamps.com\/blog\/wp-json\/wp\/v2\/media?parent=15"}],"curies":[{"name":"wp","href":"https:\/\/api.w.org\/{rel}","templated":true}]}}